iple of 30?
False
Is 576475254 a multiple of 70?
False
Is 166 a factor of 681402215?
False
Does 460 divide 2348907660?
True
Is 317182474 a multiple of 7?
True
Is 544006749 a multiple of 1261?
True
Is 39 a factor of 1206678758?
False
Is 243 a factor of 13745213?
False
Is 82 a factor of 2908645698?
True
Is 30139690 a multiple of 470?
True
Is 35 a factor of 19535565?
True
Is 1128371 a multiple of 2?
False
Does 8 divide 29455291?
False
Is 132780604 a multiple of 22?
True
Does 91 divide 2769872523?
False
Is 4465 a factor of 128154309?
False
Does 14 divide 79152386?
False
Is 7 a factor of 132409820?
False
Does 1050 divide 22964550?
True
Is 95197001 a multiple of 72?
False
Is 1995 a factor of 20522565?
True
Does 207 divide 4190862?
False
Does 858 divide 22391226?
True
Does 18 divide 6962724?
True
Is 1387131754 a multiple of 9598?
True
Does 1857 divide 188234535?
False
Is 57 a factor of 34259891?
False
Does 235 divide 410891390?
True
Is 5334006 a multiple of 2?
True
Is 13 a factor of 48510216?
False
Does 140 divide 11472160?
True
Is 14 a factor of 5648214668?
False
Is 177 a factor of 16327542?
True
Is 163 a factor of 273521661?
True
Is 541 a factor of 3640634614?
True
Is 201 a factor of 54337134?
True
Does 16 divide 39293008?
True
Does 128 divide 254547969?
False
Is 21 a factor of 132915993?
True
Is 1146 a factor of 491528568?
True
Is 18 a factor of 293463360?
True
Does 20 divide 493743900?
True
Does 3 divide 101077024?
False
Is 19 a factor of 1831391?
True
Does 103 divide 1650788931?
True
Does 9 divide 253855025?
False
Does 310 divide 5238975?
False
Is 75634899 a multiple of 78?
False
Is 6 a factor of 32985941?
False
Is 572 a factor of 567460608?
True
Does 26 divide 2172440790?
True
Does 278 divide 27685725?
False
Does 182 divide 49767430?
False
Is 771643512 a multiple of 15?
False
Is 25 a factor of 119224250?
True
Is 99722940 a multiple of 635?
True
Is 1592284694 a multiple of 98?
True
Does 394 divide 48274570?
False
Is 2625 a factor of 134071875?
True
Is 42984837 a multiple of 47?
True
Is 18089479 a multiple of 49?
False
Is 56 a factor of 5260416?
True
Does 291 divide 31107722?
False
Is 1258760136 a multiple of 5639?
True
Does 138 divide 38227362?
False
Is 1018517542 a multiple of 516?
False
Does 38 divide 52006182?
False
Does 218 divide 370260446?
False
Is 127 a factor of 41625901?
True
Is 1719884115 a multiple of 3385?
False
Does 307 divide 24457585?
False
Is 136 a factor of 144303344?
True
Is 42488096 a multiple of 237?
False
Is 24288769 a multiple of 12?
False
Is 839012056 a multiple of 134?
True
Is 30 a factor of 87181080?
True
Is 307253950 a multiple of 1812?
False
Is 18 a factor of 1485329112?
True
Is 18 a factor of 59370408?
True
Does 14 divide 36763104?
True
Does 13637 divide 3789245005?
True
Is 83083798 a multiple of 679?
True
Does 653 divide 5489499?
False
Does 337 divide 663387990?
False
Does 6 divide 274247400?
True
Is 493 a factor of 720876925?
True
Is 51133206 a multiple of 3?
True
Is 61879688 a multiple of 676?
True
Is 250 a factor of 121253686?
False
Does 7 divide 57527295?
True
Is 96 a factor of 8534208?
True
Is 11 a factor of 720822059?
False
Is 1037400 a multiple of 200?
True
Is 5 a factor of 253610?
True
Is 19518371 a multiple of 269?
True
Is 129002921 a multiple of 14?
False
Is 12 a factor of 155050620?
True
Does 167 divide 137025369?
False
Does 1389 divide 62624454?
True
Does 1727 divide 30219046?
True
Does 27 divide 374078574?
True
Is 24 a factor of 251192856?
True
Is 78117488 a multiple of 353?
True
Does 211 divide 146217699?
False
Is 4988 a factor of 270738664?
True
Is 11 a factor of 70140164?
False
Is 268939107 a multiple of 118?
False
Is 86199904 a multiple of 224?
True
Is 587 a factor of 10452122?
True
Does 22 divide 6465498?
False
Is 63 a factor of 65747073?
False
Does 41 divide 32008982?
False
Does 114 divide 80657426?
False
Does 4946 divide 1791316699?
False
Is 35742126 even?
True
Does 5702 divide 432941456?
True
Is 519307353 a multiple of 13?
False
Is 21 a factor of 107339149?
False
Is 3329570189 a multiple of 3649?
True
Does 51 divide 95694819?
True
Is 23392630 a multiple of 310?
False
Is 100 a factor of 41123345?
False
Is 37176596 a multiple of 653?
True
Is 29400604 a multiple of 214?
True
Is 11 a factor of 133304677?
True
Is 5674 a factor of 404925010?
True
Is 90721041 a multiple of 150?
False
Is 104429537 a multiple of 8?
False
Is 579 a factor of 3164132517?
True
Is 1294 a factor of 111040728?
True
Does 49 divide 911194837?
True
Is 173443143 a multiple of 161?
False
Is 738716763 a multiple of 1503?
False
Is 2321 a factor of 2177528476?
False
Does 563 divide 333121198?
False
Is 8 a factor of 3378291?
False
Is 5 a factor of 4179010?
True
Does 335 divide 43457205?
True
Is 72193945 a multiple of 9?
False
Is 196010006 a multiple of 206?
False
Is 1400766 a multiple of 51?
True
Is 5 a factor of 5266762?
False
Is 1540 a factor of 293496280?
True
Is 214 a factor of 35034582?
True
Does 513 divide 53648774?
False
Is 86244121 a multiple of 274?
False
Does 239 divide 122349119?
True
Is 15403527 a multiple of 81?
True
Does 2135 divide 454656790?
True
Does 5 divide 71523545?
True
Does 7 divide 1474452247?
False
Is 1658374475 a multiple of 25?
True
Does 679 divide 21732966?
False
Does 62 divide 203025871?
False
Does 7 divide 15165115?
True
Does 221 divide 15607207?
False
Is 1930721392 a multiple of 757?
False
Does 9 divide 482428864?
False
Is 57434327 a multiple of 1417?
False
Is 82110354 a multiple of 102?
False
Is 962214832 a multiple of 287?
False
Does 19 divide 2904877149?
True
Does 68 divide 21650112?
True
Is 3 a factor of 27236293?
False
Does 2559 divide 102359509?
False
Is 1131379261 a multiple of 23?
False
Does 57 divide 18978321?
True
Is 102876 a multiple of 264?
False
Is 14151401 a multiple of 288?
False
Does 44 divide 41400283?
False
Is 109767224 a multiple of 23?
True
Is 21 a factor of 72682281?
True
Is 533386937 a multiple of 63?
False
Does 42 divide 4558386196?
False
Does 1369 divide 21638192?
False
Does 2 divide 4773821?
False
Is 11 a factor of 117033686?
True
Is 2 a factor of 956181?
False
Does 26 divide 81789339?
False
Is 20 a factor of 585533420?
True
Is 38 a factor of 449561581?
False
Does 1177 divide 199816961?
False
Is 83 a factor of 22743079?
True
Is 12022772 a multiple of 18?
False
Does 114 divide 24825894?
True
Does 1258 divide 5311241?
False
Does 5 divide 16092930?
True
Is 1385 a factor of 131193753?
False
Is 2209 a factor of 671991054?
True
Is 159 a factor of 39562380?
True
Does 749 divide 83440847?
True
Is 105472472 a multiple of 1876?
True
Does 124 divide 235462821?
False
Does 212 divide 19179004?
True
Does 160 divide 1036382239?
False
Is 59 a factor of 23290073?
True
Does 15 divide 478160310?
True
Is 52 a factor of 242757805?
False
Is 417699016 a multiple of 5090?
False
Is 78647800 a multiple of 75?
False
Is 61381892 a multiple of 13?
True
Does 2484 divide 4838638876?
False
Does 14 divide 4195213811?
False
Is 2344 a factor of 2671674792?
True
Is 97 a factor of 263978109?
False
Is 185152899 a multiple of 166?
False
Does 3070 divide 1298466644?
False
Does 13 divide 64168715?
True
Does 2555 divide 95402200?
False
Does 8 divide 682984182?
False
Does 52 divide 92040624?
True
Does 7 divide 232614776?
False
Does 6 divide 32651076?
True
Is 168548598 a multiple of 22?
False
Is 10 a factor of 5379330?
True
Is 1247 a factor of 167252628?
True
Does 11 divide 147687017?
False
Is 146 a factor of 764142324?
False
Is 986883806 a multiple of 71?
False
Is 18203837 a multiple of 19?
False
Does 28 divide 31568320?
True
Is 357988786 a multiple of 2080?
False
Is 58146057 a multiple of 75?
False
Is 25 a factor of 301806407?
False
Does 20 divide 116066609?
False
Is 3383 a factor of 153646025?
False
Does 481 divide 139945988?
True
Is 638851738 a multiple of 17?
True
Is 13832104 a multiple of 13?
True
Does 1462 divide 178367503?
False
Is 520 a factor of 5107948?
False
Is 79 a factor of 5755708?
False
Is 1617833296 a multiple of 1709?
False
Is 965743688 a multiple of 1288?
True
Is 699 a factor of 326774811?
True
Does 2071 divide 410470507?
False
Does 307 divide 446855715?
False
Is 220 a factor of 517327378?
False
Does 1008 divide 44507071?
False
Is 102 a factor of 56270442?
True
Does 1041 divide 890050590?
False
Is 95109